{"id":1887,"date":"2026-05-14T15:12:54","date_gmt":"2026-05-14T15:12:54","guid":{"rendered":"https:\/\/spanishwithmaite.com\/?page_id=1887"},"modified":"2026-05-15T10:38:29","modified_gmt":"2026-05-15T10:38:29","slug":"inicio","status":"publish","type":"page","link":"https:\/\/spanishwithmaite.com\/","title":{"rendered":"Inicio"},"content":{"rendered":"\t\t<div data-elementor-type=\"wp-page\" data-elementor-id=\"1887\" class=\"elementor elementor-1887\">\n\t\t\t\t\t\t<section class=\"elementor-section elementor-top-section elementor-element elementor-element-3949e94 elementor-section-boxed elementor-section-height-default elementor-section-height-default\" data-id=\"3949e94\" data-element_type=\"section\" data-e-type=\"section\">\n\t\t\t\t\t\t<div class=\"elementor-container elementor-column-gap-default\">\n\t\t\t\t\t<div class=\"elementor-column elementor-col-50 elementor-top-column elementor-element elementor-element-492dd13\" data-id=\"492dd13\" data-element_type=\"column\" data-e-type=\"column\">\n\t\t\t<div class=\"elementor-widget-wrap elementor-element-populated\">\n\t\t\t\t\t\t<div class=\"elementor-element elementor-element-da5a278 elementor-widget__width-initial elementor-widget elementor-widget-image\" data-id=\"da5a278\" data-element_type=\"widget\" data-e-type=\"widget\" data-widget_type=\"image.default\">\n\t\t\t\t<div class=\"elementor-widget-container\">\n\t\t\t\t\t\t\t\t\t\t\t\t\t\t\t<img fetchpriority=\"high\" decoding=\"async\" width=\"453\" height=\"636\" src=\"https:\/\/spanishwithmaite.com\/wp-content\/uploads\/2022\/05\/maite.jpg\" class=\"attachment-large size-large wp-image-438\" alt=\"\" srcset=\"https:\/\/spanishwithmaite.com\/wp-content\/uploads\/2022\/05\/maite.jpg 453w, https:\/\/spanishwithmaite.com\/wp-content\/uploads\/2022\/05\/maite-214x300.jpg 214w\" sizes=\"(max-width: 453px) 100vw, 453px\" \/>\t\t\t\t\t\t\t\t\t\t\t\t\t\t\t<\/div>\n\t\t\t\t<\/div>\n\t\t\t\t\t<\/div>\n\t\t<\/div>\n\t\t\t\t<div class=\"elementor-column elementor-col-50 elementor-top-column elementor-element elementor-element-ac44b30\" data-id=\"ac44b30\" data-element_type=\"column\" data-e-type=\"column\">\n\t\t\t<div class=\"elementor-widget-wrap elementor-element-populated\">\n\t\t\t\t\t\t<div class=\"elementor-element elementor-element-e0a9438 elementor-widget elementor-widget-heading\" data-id=\"e0a9438\" data-element_type=\"widget\" data-e-type=\"widget\" data-widget_type=\"heading.default\">\n\t\t\t\t<div class=\"elementor-widget-container\">\n\t\t\t\t\t<h2 class=\"elementor-heading-title elementor-size-default\">Aprende espa\u00f1ol real con una profesora nativa<\/h2>\t\t\t\t<\/div>\n\t\t\t\t<\/div>\n\t\t\t\t<div class=\"elementor-element elementor-element-9ccc83d elementor-widget__width-initial elementor-widget elementor-widget-text-editor\" data-id=\"9ccc83d\" data-element_type=\"widget\" data-e-type=\"widget\" data-widget_type=\"text-editor.default\">\n\t\t\t\t<div class=\"elementor-widget-container\">\n\t\t\t\t\t\t\t\t\t<p>Soy Maite, profesora de espa\u00f1ol de Barcelona.&nbsp;<span style=\"font-family: var(--bodyfontfamily),var(--nv-fallback-ff); font-size: var(--bodyfontsize); letter-spacing: var(--bodyletterspacing); text-transform: var(--bodytexttransform);\">Ense\u00f1o a adultos que quieren hablar espa\u00f1ol de verdad y conectar con la cultura espa\u00f1ola. Clases personalizadas online.<\/span><\/p>\t\t\t\t\t\t\t\t<\/div>\n\t\t\t\t<\/div>\n\t\t\t\t<div class=\"elementor-element elementor-element-4f94cbf elementor-widget elementor-widget-button\" data-id=\"4f94cbf\" data-element_type=\"widget\" data-e-type=\"widget\" data-widget_type=\"button.default\">\n\t\t\t\t<div class=\"elementor-widget-container\">\n\t\t\t\t\t\t\t\t\t<div class=\"elementor-button-wrapper\">\n\t\t\t\t\t<a class=\"elementor-button elementor-button-link elementor-size-sm\" href=\"https:\/\/www.italki.com\/en\/teacher\/8806951\">\n\t\t\t\t\t\t<span class=\"elementor-button-content-wrapper\">\n\t\t\t\t\t\t\t\t\t<span class=\"elementor-button-text\">Reserva una clase conmigo<\/span>\n\t\t\t\t\t<\/span>\n\t\t\t\t\t<\/a>\n\t\t\t\t<\/div>\n\t\t\t\t\t\t\t\t<\/div>\n\t\t\t\t<\/div>\n\t\t\t\t\t<\/div>\n\t\t<\/div>\n\t\t\t\t\t<\/div>\n\t\t<\/section>\n\t\t\t\t<\/div>\n\t\t","protected":false},"excerpt":{"rendered":"<p>Aprende espa\u00f1ol real con una profesora nativa Soy Maite, profesora de espa\u00f1ol de Barcelona.&nbsp;Ense\u00f1o a adultos que quieren hablar espa\u00f1ol de verdad y conectar con la cultura espa\u00f1ola. Clases personalizadas online. Reserva una clase conmigo<\/p>\n","protected":false},"author":1,"featured_media":0,"parent":0,"menu_order":0,"comment_status":"closed","ping_status":"closed","template":"page-templates\/template-pagebuilder-full-width.php","meta":{"neve_meta_sidebar":"","neve_meta_container":"","neve_meta_enable_content_width":"","neve_meta_content_width":0,"neve_meta_title_alignment":"","neve_meta_author_avatar":"","neve_post_elements_order":"","neve_meta_disable_header":"","neve_meta_disable_footer":"","neve_meta_disable_title":"","episode_type":"","audio_file":"","podmotor_file_id":"","podmotor_episode_id":"","cover_image":"","cover_image_id":"","duration":"","filesize":"","filesize_raw":"","date_recorded":"","explicit":"","block":"","itunes_episode_number":"","itunes_title":"","itunes_season_number":"","itunes_episode_type":"","footnotes":""},"class_list":["post-1887","page","type-page","status-publish","hentry"],"yoast_head":"<!-- This site is optimized with the Yoast SEO plugin v27.5 - https:\/\/yoast.com\/product\/yoast-seo-wordpress\/ -->\n<title>Inicio - Espa&ntilde;ol con Maite<\/title>\n<meta name=\"robots\" content=\"index, follow, max-snippet:-1, max-image-preview:large, max-video-preview:-1\" \/>\n<link rel=\"canonical\" href=\"https:\/\/spanishwithmaite.com\/\" \/>\n<meta property=\"og:locale\" content=\"es_ES\" \/>\n<meta property=\"og:type\" content=\"article\" \/>\n<meta property=\"og:title\" content=\"Inicio - Espa&ntilde;ol con Maite\" \/>\n<meta property=\"og:description\" content=\"Aprende espa\u00f1ol real con una profesora nativa Soy Maite, profesora de espa\u00f1ol de Barcelona.&nbsp;Ense\u00f1o a adultos que quieren hablar espa\u00f1ol de verdad y conectar con la cultura espa\u00f1ola. Clases personalizadas online. Reserva una clase conmigo\" \/>\n<meta property=\"og:url\" content=\"https:\/\/spanishwithmaite.com\/\" \/>\n<meta property=\"og:site_name\" content=\"Espa&ntilde;ol con Maite\" \/>\n<meta property=\"article:modified_time\" content=\"2026-05-15T10:38:29+00:00\" \/>\n<meta property=\"og:image\" content=\"https:\/\/spanishwithmaite.com\/wp-content\/uploads\/2022\/05\/maite.jpg\" \/>\n\t<meta property=\"og:image:width\" content=\"453\" \/>\n\t<meta property=\"og:image:height\" content=\"636\" \/>\n\t<meta property=\"og:image:type\" content=\"image\/jpeg\" \/>\n<meta name=\"twitter:card\" content=\"summary_large_image\" \/>\n<meta name=\"twitter:label1\" content=\"Tiempo de lectura\" \/>\n\t<meta name=\"twitter:data1\" content=\"1 minuto\" \/>\n<script type=\"application\/ld+json\" class=\"yoast-schema-graph\">{\"@context\":\"https:\\\/\\\/schema.org\",\"@graph\":[{\"@type\":\"WebPage\",\"@id\":\"https:\\\/\\\/spanishwithmaite.com\\\/\",\"url\":\"https:\\\/\\\/spanishwithmaite.com\\\/\",\"name\":\"Inicio - Espa&ntilde;ol con Maite\",\"isPartOf\":{\"@id\":\"https:\\\/\\\/spanishwithmaite.com\\\/#website\"},\"primaryImageOfPage\":{\"@id\":\"https:\\\/\\\/spanishwithmaite.com\\\/#primaryimage\"},\"image\":{\"@id\":\"https:\\\/\\\/spanishwithmaite.com\\\/#primaryimage\"},\"thumbnailUrl\":\"https:\\\/\\\/spanishwithmaite.com\\\/wp-content\\\/uploads\\\/2022\\\/05\\\/maite.jpg\",\"datePublished\":\"2026-05-14T15:12:54+00:00\",\"dateModified\":\"2026-05-15T10:38:29+00:00\",\"breadcrumb\":{\"@id\":\"https:\\\/\\\/spanishwithmaite.com\\\/#breadcrumb\"},\"inLanguage\":\"es\",\"potentialAction\":[{\"@type\":\"ReadAction\",\"target\":[\"https:\\\/\\\/spanishwithmaite.com\\\/\"]}]},{\"@type\":\"ImageObject\",\"inLanguage\":\"es\",\"@id\":\"https:\\\/\\\/spanishwithmaite.com\\\/#primaryimage\",\"url\":\"https:\\\/\\\/spanishwithmaite.com\\\/wp-content\\\/uploads\\\/2022\\\/05\\\/maite.jpg\",\"contentUrl\":\"https:\\\/\\\/spanishwithmaite.com\\\/wp-content\\\/uploads\\\/2022\\\/05\\\/maite.jpg\",\"width\":453,\"height\":636},{\"@type\":\"BreadcrumbList\",\"@id\":\"https:\\\/\\\/spanishwithmaite.com\\\/#breadcrumb\",\"itemListElement\":[{\"@type\":\"ListItem\",\"position\":1,\"name\":\"Portada\",\"item\":\"https:\\\/\\\/spanishwithmaite.com\\\/\"},{\"@type\":\"ListItem\",\"position\":2,\"name\":\"Inicio\"}]},{\"@type\":\"WebSite\",\"@id\":\"https:\\\/\\\/spanishwithmaite.com\\\/#website\",\"url\":\"https:\\\/\\\/spanishwithmaite.com\\\/\",\"name\":\"Espa&ntilde;ol con Maite\",\"description\":\"Blog para aprender y practicar espa&ntilde;ol\",\"publisher\":{\"@id\":\"https:\\\/\\\/spanishwithmaite.com\\\/#organization\"},\"potentialAction\":[{\"@type\":\"SearchAction\",\"target\":{\"@type\":\"EntryPoint\",\"urlTemplate\":\"https:\\\/\\\/spanishwithmaite.com\\\/?s={search_term_string}\"},\"query-input\":{\"@type\":\"PropertyValueSpecification\",\"valueRequired\":true,\"valueName\":\"search_term_string\"}}],\"inLanguage\":\"es\"},{\"@type\":\"Organization\",\"@id\":\"https:\\\/\\\/spanishwithmaite.com\\\/#organization\",\"name\":\"Espa&ntilde;ol con Maite\",\"url\":\"https:\\\/\\\/spanishwithmaite.com\\\/\",\"logo\":{\"@type\":\"ImageObject\",\"inLanguage\":\"es\",\"@id\":\"https:\\\/\\\/spanishwithmaite.com\\\/#\\\/schema\\\/logo\\\/image\\\/\",\"url\":\"https:\\\/\\\/spanishwithmaite.com\\\/wp-content\\\/uploads\\\/2022\\\/05\\\/Black-and-White-Minimalist-Initials-Logo-Template.png\",\"contentUrl\":\"https:\\\/\\\/spanishwithmaite.com\\\/wp-content\\\/uploads\\\/2022\\\/05\\\/Black-and-White-Minimalist-Initials-Logo-Template.png\",\"width\":500,\"height\":500,\"caption\":\"Espa&ntilde;ol con Maite\"},\"image\":{\"@id\":\"https:\\\/\\\/spanishwithmaite.com\\\/#\\\/schema\\\/logo\\\/image\\\/\"}}]}<\/script>\n<!-- \/ Yoast SEO plugin. -->","yoast_head_json":{"title":"Inicio - Espa&ntilde;ol con Maite","robots":{"index":"index","follow":"follow","max-snippet":"max-snippet:-1","max-image-preview":"max-image-preview:large","max-video-preview":"max-video-preview:-1"},"canonical":"https:\/\/spanishwithmaite.com\/","og_locale":"es_ES","og_type":"article","og_title":"Inicio - Espa&ntilde;ol con Maite","og_description":"Aprende espa\u00f1ol real con una profesora nativa Soy Maite, profesora de espa\u00f1ol de Barcelona.&nbsp;Ense\u00f1o a adultos que quieren hablar espa\u00f1ol de verdad y conectar con la cultura espa\u00f1ola. Clases personalizadas online. Reserva una clase conmigo","og_url":"https:\/\/spanishwithmaite.com\/","og_site_name":"Espa&ntilde;ol con Maite","article_modified_time":"2026-05-15T10:38:29+00:00","og_image":[{"width":453,"height":636,"url":"https:\/\/spanishwithmaite.com\/wp-content\/uploads\/2022\/05\/maite.jpg","type":"image\/jpeg"}],"twitter_card":"summary_large_image","twitter_misc":{"Tiempo de lectura":"1 minuto"},"schema":{"@context":"https:\/\/schema.org","@graph":[{"@type":"WebPage","@id":"https:\/\/spanishwithmaite.com\/","url":"https:\/\/spanishwithmaite.com\/","name":"Inicio - Espa&ntilde;ol con Maite","isPartOf":{"@id":"https:\/\/spanishwithmaite.com\/#website"},"primaryImageOfPage":{"@id":"https:\/\/spanishwithmaite.com\/#primaryimage"},"image":{"@id":"https:\/\/spanishwithmaite.com\/#primaryimage"},"thumbnailUrl":"https:\/\/spanishwithmaite.com\/wp-content\/uploads\/2022\/05\/maite.jpg","datePublished":"2026-05-14T15:12:54+00:00","dateModified":"2026-05-15T10:38:29+00:00","breadcrumb":{"@id":"https:\/\/spanishwithmaite.com\/#breadcrumb"},"inLanguage":"es","potentialAction":[{"@type":"ReadAction","target":["https:\/\/spanishwithmaite.com\/"]}]},{"@type":"ImageObject","inLanguage":"es","@id":"https:\/\/spanishwithmaite.com\/#primaryimage","url":"https:\/\/spanishwithmaite.com\/wp-content\/uploads\/2022\/05\/maite.jpg","contentUrl":"https:\/\/spanishwithmaite.com\/wp-content\/uploads\/2022\/05\/maite.jpg","width":453,"height":636},{"@type":"BreadcrumbList","@id":"https:\/\/spanishwithmaite.com\/#breadcrumb","itemListElement":[{"@type":"ListItem","position":1,"name":"Portada","item":"https:\/\/spanishwithmaite.com\/"},{"@type":"ListItem","position":2,"name":"Inicio"}]},{"@type":"WebSite","@id":"https:\/\/spanishwithmaite.com\/#website","url":"https:\/\/spanishwithmaite.com\/","name":"Espa&ntilde;ol con Maite","description":"Blog para aprender y practicar espa&ntilde;ol","publisher":{"@id":"https:\/\/spanishwithmaite.com\/#organization"},"potentialAction":[{"@type":"SearchAction","target":{"@type":"EntryPoint","urlTemplate":"https:\/\/spanishwithmaite.com\/?s={search_term_string}"},"query-input":{"@type":"PropertyValueSpecification","valueRequired":true,"valueName":"search_term_string"}}],"inLanguage":"es"},{"@type":"Organization","@id":"https:\/\/spanishwithmaite.com\/#organization","name":"Espa&ntilde;ol con Maite","url":"https:\/\/spanishwithmaite.com\/","logo":{"@type":"ImageObject","inLanguage":"es","@id":"https:\/\/spanishwithmaite.com\/#\/schema\/logo\/image\/","url":"https:\/\/spanishwithmaite.com\/wp-content\/uploads\/2022\/05\/Black-and-White-Minimalist-Initials-Logo-Template.png","contentUrl":"https:\/\/spanishwithmaite.com\/wp-content\/uploads\/2022\/05\/Black-and-White-Minimalist-Initials-Logo-Template.png","width":500,"height":500,"caption":"Espa&ntilde;ol con Maite"},"image":{"@id":"https:\/\/spanishwithmaite.com\/#\/schema\/logo\/image\/"}}]}},"_links":{"self":[{"href":"https:\/\/spanishwithmaite.com\/index.php\/wp-json\/wp\/v2\/pages\/1887","targetHints":{"allow":["GET"]}}],"collection":[{"href":"https:\/\/spanishwithmaite.com\/index.php\/wp-json\/wp\/v2\/pages"}],"about":[{"href":"https:\/\/spanishwithmaite.com\/index.php\/wp-json\/wp\/v2\/types\/page"}],"author":[{"embeddable":true,"href":"https:\/\/spanishwithmaite.com\/index.php\/wp-json\/wp\/v2\/users\/1"}],"replies":[{"embeddable":true,"href":"https:\/\/spanishwithmaite.com\/index.php\/wp-json\/wp\/v2\/comments?post=1887"}],"version-history":[{"count":16,"href":"https:\/\/spanishwithmaite.com\/index.php\/wp-json\/wp\/v2\/pages\/1887\/revisions"}],"predecessor-version":[{"id":1904,"href":"https:\/\/spanishwithmaite.com\/index.php\/wp-json\/wp\/v2\/pages\/1887\/revisions\/1904"}],"wp:attachment":[{"href":"https:\/\/spanishwithmaite.com\/index.php\/wp-json\/wp\/v2\/media?parent=1887"}],"curies":[{"name":"wp","href":"https:\/\/api.w.org\/{rel}","templated":true}]}}